{"id":138,"date":"2018-04-16T18:51:15","date_gmt":"2018-04-16T16:51:15","guid":{"rendered":"http:\/\/elisabethmasson.fr\/?page_id=138"},"modified":"2024-07-21T11:53:54","modified_gmt":"2024-07-21T09:53:54","slug":"elisabeth-masson","status":"publish","type":"page","link":"https:\/\/elisabethmasson.fr\/","title":{"rendered":"HOME"},"content":{"rendered":"\n<p class=\"has-text-align-center has-medium-font-size\">INVENTIVE NATURE<\/p>\n\n\n\n<div class=\"wp-block-cover aligncenter is-light\" style=\"min-height:448px\"><span aria-hidden=\"true\" class=\"wp-block-cover__background has-background-dim-0 has-background-dim\"><\/span><img loading=\"lazy\" decoding=\"async\" width=\"1775\" height=\"2560\" class=\"wp-block-cover__image-background wp-image-1064\" alt=\"Inventive nature\" src=\"https:\/\/elisabethmasson.fr\/wp-content\/uploads\/2023\/05\/IMG_4844-scaled.jpeg\" style=\"object-position:44% 58%\" data-object-fit=\"cover\" data-object-position=\"44% 58%\" srcset=\"https:\/\/elisabethmasson.fr\/wp-content\/uploads\/2023\/05\/IMG_4844-scaled.jpeg 1775w, https:\/\/elisabethmasson.fr\/wp-content\/uploads\/2023\/05\/IMG_4844-scaled-600x865.jpeg 600w, https:\/\/elisabethmasson.fr\/wp-content\/uploads\/2023\/05\/IMG_4844-208x300.jpeg 208w, https:\/\/elisabethmasson.fr\/wp-content\/uploads\/2023\/05\/IMG_4844-710x1024.jpeg 710w, https:\/\/elisabethmasson.fr\/wp-content\/uploads\/2023\/05\/IMG_4844-768x1107.jpeg 768w, https:\/\/elisabethmasson.fr\/wp-content\/uploads\/2023\/05\/IMG_4844-1065x1536.jpeg 1065w, https:\/\/elisabethmasson.fr\/wp-content\/uploads\/2023\/05\/IMG_4844-1420x2048.jpeg 1420w\" sizes=\"(max-width: 1775px) 100vw, 1775px\" \/><div class=\"wp-block-cover__inner-container is-layout-flow wp-block-cover-is-layout-flow\">\n<p class=\"has-text-align-center has-large-font-size\"><\/p>\n<\/div><\/div>\n\n\n\n<p class=\"has-text-color\" style=\"color:#ffffff\">vegetal<\/p>\n\n\n\n<div class=\"wp-block-buttons is-content-justification-center is-layout-flex wp-container-core-buttons-layout-1 wp-block-buttons-is-layout-flex\">\n<div class=\"wp-block-button is-style-outline\"><a class=\"wp-block-button__link has-white-color has-text-color has-background has-link-color wp-element-button\" href=\"https:\/\/elisabethmasson.fr\/index.php\/peintures\" style=\"border-radius:0px;background-color:#df96a8\">D\u00e9couvrir<\/a><\/div>\n<\/div>\n\n\n\n<p class=\"has-white-color has-text-color has-link-color wp-elements-604e29889e4a112010b0f8b1d252488d\">Elisabeth MASSON vous invite dans un monde de nature, de r\u00eaverie et de po\u00e9sie. Des oeuvres origines \u00e0 l&rsquo;encre et \u00e0 la peinture \u00e0 l&rsquo;huile. Art, peinture \u00e0 l&rsquo;huile, encre, galerie, art contemporain, oil painting, exposition, artiste, fleur, nature, paysage.<\/p>\n","protected":false},"excerpt":{"rendered":"<p>INVENTIVE NATURE vegetal Elisabeth MASSON vous invite dans un monde de nature, de r\u00eaverie et de po\u00e9sie. Des oeuvres origines \u00e0 l&rsquo;encre et \u00e0 la peinture \u00e0 l&rsquo;huile. Art, peinture \u00e0 l&rsquo;huile, encre, galerie, art contemporain, oil painting, exposition, artiste, fleur, nature, paysage.<\/p>\n","protected":false},"author":1,"featured_media":1086,"parent":0,"menu_order":1,"comment_status":"closed","ping_status":"closed","template":"","meta":{"footnotes":""},"yoast_head":"<!-- This site is optimized with the Yoast SEO plugin v21.7 - https:\/\/yoast.com\/wordpress\/plugins\/seo\/ -->\n<title>HOME - Elisabeth MASSON Peinture<\/title>\n<meta name=\"description\" content=\"Elisabeth MASSON vous invite dans un monde de nature, de r\u00eaverie et de po\u00e9sie. Des oeuvres originales \u00e0 l&#039;encre et \u00e0 la peinture \u00e0 l&#039;huile.\" \/>\n<meta name=\"robots\" content=\"index, follow, max-snippet:-1, max-image-preview:large, max-video-preview:-1\" \/>\n<link rel=\"canonical\" href=\"https:\/\/elisabethmasson.fr\/\" \/>\n<meta property=\"og:locale\" content=\"fr_FR\" \/>\n<meta property=\"og:type\" content=\"article\" \/>\n<meta property=\"og:title\" content=\"HOME - Elisabeth MASSON Peinture\" \/>\n<meta property=\"og:description\" content=\"Elisabeth MASSON vous invite dans un monde de nature, de r\u00eaverie et de po\u00e9sie. Des oeuvres originales \u00e0 l&#039;encre et \u00e0 la peinture \u00e0 l&#039;huile.\" \/>\n<meta property=\"og:url\" content=\"https:\/\/elisabethmasson.fr\/\" \/>\n<meta property=\"og:site_name\" content=\"Elisabeth MASSON\" \/>\n<meta property=\"article:publisher\" content=\"https:\/\/www.facebook.com\/elisabethmassonpeinture\/\" \/>\n<meta property=\"article:modified_time\" content=\"2024-07-21T09:53:54+00:00\" \/>\n<meta property=\"og:image\" content=\"https:\/\/elisabethmasson.fr\/wp-content\/uploads\/2023\/05\/IMG_6601-scaled.jpeg\" \/>\n\t<meta property=\"og:image:width\" content=\"2560\" \/>\n\t<meta property=\"og:image:height\" content=\"2073\" \/>\n\t<meta property=\"og:image:type\" content=\"image\/jpeg\" \/>\n<meta name=\"twitter:card\" content=\"summary_large_image\" \/>\n<meta name=\"twitter:label1\" content=\"Dur\u00e9e de lecture estim\u00e9e\" \/>\n\t<meta name=\"twitter:data1\" content=\"1 minute\" \/>\n<script type=\"application\/ld+json\" class=\"yoast-schema-graph\">{\"@context\":\"https:\/\/schema.org\",\"@graph\":[{\"@type\":\"WebPage\",\"@id\":\"https:\/\/elisabethmasson.fr\/\",\"url\":\"https:\/\/elisabethmasson.fr\/\",\"name\":\"HOME - Elisabeth MASSON Peinture\",\"isPartOf\":{\"@id\":\"https:\/\/elisabethmasson.fr\/#website\"},\"datePublished\":\"2018-04-16T16:51:15+00:00\",\"dateModified\":\"2024-07-21T09:53:54+00:00\",\"description\":\"Elisabeth MASSON vous invite dans un monde de nature, de r\u00eaverie et de po\u00e9sie. Des oeuvres originales \u00e0 l'encre et \u00e0 la peinture \u00e0 l'huile.\",\"breadcrumb\":{\"@id\":\"https:\/\/elisabethmasson.fr\/#breadcrumb\"},\"inLanguage\":\"fr-FR\",\"potentialAction\":[{\"@type\":\"ReadAction\",\"target\":[\"https:\/\/elisabethmasson.fr\/\"]}]},{\"@type\":\"BreadcrumbList\",\"@id\":\"https:\/\/elisabethmasson.fr\/#breadcrumb\",\"itemListElement\":[{\"@type\":\"ListItem\",\"position\":1,\"name\":\"Accueil\",\"item\":\"https:\/\/elisabethmasson.fr\/\"},{\"@type\":\"ListItem\",\"position\":2,\"name\":\"HOME\"}]},{\"@type\":\"WebSite\",\"@id\":\"https:\/\/elisabethmasson.fr\/#website\",\"url\":\"https:\/\/elisabethmasson.fr\/\",\"name\":\"Elisabeth MASSON\",\"description\":\"Art\",\"potentialAction\":[{\"@type\":\"SearchAction\",\"target\":{\"@type\":\"EntryPoint\",\"urlTemplate\":\"https:\/\/elisabethmasson.fr\/?s={search_term_string}\"},\"query-input\":\"required name=search_term_string\"}],\"inLanguage\":\"fr-FR\"}]}<\/script>\n<!-- \/ Yoast SEO plugin. -->","yoast_head_json":{"title":"HOME - Elisabeth MASSON Peinture","description":"Elisabeth MASSON vous invite dans un monde de nature, de r\u00eaverie et de po\u00e9sie. Des oeuvres originales \u00e0 l'encre et \u00e0 la peinture \u00e0 l'huile.","robots":{"index":"index","follow":"follow","max-snippet":"max-snippet:-1","max-image-preview":"max-image-preview:large","max-video-preview":"max-video-preview:-1"},"canonical":"https:\/\/elisabethmasson.fr\/","og_locale":"fr_FR","og_type":"article","og_title":"HOME - Elisabeth MASSON Peinture","og_description":"Elisabeth MASSON vous invite dans un monde de nature, de r\u00eaverie et de po\u00e9sie. Des oeuvres originales \u00e0 l'encre et \u00e0 la peinture \u00e0 l'huile.","og_url":"https:\/\/elisabethmasson.fr\/","og_site_name":"Elisabeth MASSON","article_publisher":"https:\/\/www.facebook.com\/elisabethmassonpeinture\/","article_modified_time":"2024-07-21T09:53:54+00:00","og_image":[{"width":2560,"height":2073,"url":"https:\/\/elisabethmasson.fr\/wp-content\/uploads\/2023\/05\/IMG_6601-scaled.jpeg","type":"image\/jpeg"}],"twitter_card":"summary_large_image","twitter_misc":{"Dur\u00e9e de lecture estim\u00e9e":"1 minute"},"schema":{"@context":"https:\/\/schema.org","@graph":[{"@type":"WebPage","@id":"https:\/\/elisabethmasson.fr\/","url":"https:\/\/elisabethmasson.fr\/","name":"HOME - Elisabeth MASSON Peinture","isPartOf":{"@id":"https:\/\/elisabethmasson.fr\/#website"},"datePublished":"2018-04-16T16:51:15+00:00","dateModified":"2024-07-21T09:53:54+00:00","description":"Elisabeth MASSON vous invite dans un monde de nature, de r\u00eaverie et de po\u00e9sie. Des oeuvres originales \u00e0 l'encre et \u00e0 la peinture \u00e0 l'huile.","breadcrumb":{"@id":"https:\/\/elisabethmasson.fr\/#breadcrumb"},"inLanguage":"fr-FR","potentialAction":[{"@type":"ReadAction","target":["https:\/\/elisabethmasson.fr\/"]}]},{"@type":"BreadcrumbList","@id":"https:\/\/elisabethmasson.fr\/#breadcrumb","itemListElement":[{"@type":"ListItem","position":1,"name":"Accueil","item":"https:\/\/elisabethmasson.fr\/"},{"@type":"ListItem","position":2,"name":"HOME"}]},{"@type":"WebSite","@id":"https:\/\/elisabethmasson.fr\/#website","url":"https:\/\/elisabethmasson.fr\/","name":"Elisabeth MASSON","description":"Art","potentialAction":[{"@type":"SearchAction","target":{"@type":"EntryPoint","urlTemplate":"https:\/\/elisabethmasson.fr\/?s={search_term_string}"},"query-input":"required name=search_term_string"}],"inLanguage":"fr-FR"}]}},"_links":{"self":[{"href":"https:\/\/elisabethmasson.fr\/index.php\/wp-json\/wp\/v2\/pages\/138"}],"collection":[{"href":"https:\/\/elisabethmasson.fr\/index.php\/wp-json\/wp\/v2\/pages"}],"about":[{"href":"https:\/\/elisabethmasson.fr\/index.php\/wp-json\/wp\/v2\/types\/page"}],"author":[{"embeddable":true,"href":"https:\/\/elisabethmasson.fr\/index.php\/wp-json\/wp\/v2\/users\/1"}],"replies":[{"embeddable":true,"href":"https:\/\/elisabethmasson.fr\/index.php\/wp-json\/wp\/v2\/comments?post=138"}],"version-history":[{"count":63,"href":"https:\/\/elisabethmasson.fr\/index.php\/wp-json\/wp\/v2\/pages\/138\/revisions"}],"predecessor-version":[{"id":1208,"href":"https:\/\/elisabethmasson.fr\/index.php\/wp-json\/wp\/v2\/pages\/138\/revisions\/1208"}],"wp:featuredmedia":[{"embeddable":true,"href":"https:\/\/elisabethmasson.fr\/index.php\/wp-json\/wp\/v2\/media\/1086"}],"wp:attachment":[{"href":"https:\/\/elisabethmasson.fr\/index.php\/wp-json\/wp\/v2\/media?parent=138"}],"curies":[{"name":"wp","href":"https:\/\/api.w.org\/{rel}","templated":true}]}}